c = 14. Let h(v) = -v**3 + 5*v**2 - 3*v + 4. Calculate h(n).
13
Let l be (214/642)/(-2*2/(-4)). Let j(s) be the third derivative of -1/120*s**6 + 0*s + 18*s**2 + l*s**3 + 0*s**5 + 0*s**4 + 0. Give j(0).
2
Let z(j) = 5*j**2 - 2*j + 2. Let u(v) = -48*v**2 + 18*v - 26. Let a(q) = u(q) + 10*z(q). Give a(-5).
54
Let s(c) = c**2 - 8*c + 25. Let k = 67 + -61. Let m be s(k). Let y(v) = v**3 - 11*v**2 - 27*v + 10. Let i be y(m). Let n(q) = -q**2 - 1. Calculate n(i).
-10
Let k(c) = -6*c**2 - 2*c + 3. Let m(h) = 11*h**2 + 3*h - 5. Let l(g) = -5*k(g) - 3*m(g). Suppose -19 = 7*x - 33. Suppose 7*y - 5 = x. What is l(y)?
-2
Let b(r) be the third derivative of r**6/120 - r**5/5 - r**4/2 - 5*r**3/6 + 645*r**2. Suppose 66 = 5*t - z, 21*t + 3*z - 10 = 20*t. Calculate b(t).
8
Let q(x) = 2*x**2 + 11*x + 8. Suppose 11 = 6*j + 72 - 31. What is q(j)?
3
Let w be 15/20 - 225/(-20). Let d(y) = -y**3 + 11*y**2 + 11*y + 14. Let n be d(w). Let u(r) = -7*r - n*r - 2 + 7*r - r. Calculate u(3).
-11
Let o(u) = u**2 - 2*u**3 + 5*u**2 - 1 + 575*u - 1143*u + 567*u - 2*u**2. Determine o(2).
-3
Let t(u) = 32*u**2 - 21798*u + 21796*u - 30*u**2 - 47. Determine t(0).
-47
Let s(i) be the second derivative of -3*i**5/4 + i**4/6 - i**2/2 + 1555*i. What is s(-1)?
16
Suppose 8*o + 17 = 9. Let u(t) be the first derivative of t**3/3 - 2*t**2 + 2*t - 1. Let n(r) = 2*r**2 - 5*r + 3. Let a(y) = 3*n(y) - 4*u(y). Calculate a(o).
2
Let z(v) = 38*v**2 - v - 5. Let n(l) = -l**3 + 17*l**2 + 19*l - 1. Let j be n(18). Let m(b) = 113*b**2 - 3*b - 14. Let g(c) = j*z(c) - 6*m(c). Calculate g(1).
-32
Let f(j) = 2*j + 1. Let s = 99 - 71. Let u be (1 + 2)/(s/30 - 1). Let r = u - -48. Determine f(r).
7
Let z(l) = 24 - 61*l - 3 + 23*l + 20*l + 16*l. Calculate z(19).
-17
Let n(z) = 10*z**2 + 21*z + 13. Let d(k) = -2*k**2 - k + 3. Let l(p) = 4*d(p) + n(p). Give l(-6).
-5
Let b(a) = -57*a + 1095. Let s be b(19). Let x(y) = -y**3 + 13*y**2 - 11*y - 27. Give x(s).
-15
Let p(r) be the third derivative of -11*r**4/24 - r**3/6 + 3*r**2 + 98. Determine p(-1).
10
Let x(p) = 4*p**3 - 33*p - 37. Let g(f) = 11*f**3 - 6*f**2 - 101*f - 109. Let h(b) = -3*g(b) + 8*x(b). Calculate h(20).
11
Let w(y) = -y**3 + y**2 + 3*y - 3. Let v = 255 - 251. Suppose -v*l - 2*l = -18. Calculate w(l).
-12
Let v(a) be the third derivative of a**5/60 - 5*a**4/12 - 7*a**3/6 - 10957*a**2. Calculate v(11).
4
Let q(l) be the first derivative of 1/2*l**2 - 6 + 10*l. Let b = 13 + -20. What is q(b)?
3
Suppose -44*p = -38*p + 738. Let l = p + 117. Let h(i) = i**2 + 7*i + 15. Give h(l).
9
Let y(f) = 61 - 2*f - 6 + 7 - 2*f + f. Calculate y(21).
-1
Let q(z) = -6*z + 1. Let c be 159/(-4) - (27/(-12))/3. Let y be 2*(c/(-6))/(-13). Give q(y).
7
Let c(w) = 539 - 99 + 346359*w - 346408*w. Give c(9).
-1
Let n(d) = -d**2 - 8*d - 4. Let w(j) = 4*j + 41. Let o be w(-11). Let s(f) = 6*f**2 - 4*f - 16. Let k be s(o). Suppose -k + 15 = 5*q. What is n(q)?
3
Suppose -z + 18 = -5. Suppose 3*j = -2*p + z, -26 = -3*j + 5*p + 11. Let d(y) = -j - 7*y + 8 + 4*y. What is d(2)?
-7
Let g(y) = 48*y - 18. Let z(n) = -74*n + 32. Let r(s) = 8*g(s) + 5*z(s). What is r(-3)?
-26
Let s(g) be the second derivative of g**4/8 + 5*g**3/6 + 38*g**2 + 14*g + 3. Let w(d) be the first derivative of s(d). What is w(5)?
20
Let s = -652 + 654. Let g be (10/4)/((-1)/s). Let w(n) = n**2 - n - 27. Determine w(g).
3
Let h(o) = -19*o - 16. Let z be h(-1). Let b(f) = 7*f**2 + 9*f**2 - 3*f**2 + 4*f - f**2 + 8*f + 10 + f**z. Calculate b(-11).
-1
Suppose 14*x - 19*x - 4*v - 45 = 0, -x - 9 = 2*v. Let c(b) = -b**3 - 9*b**2 + b + 15. Determine c(x).
6
Let h(s) = -4*s**2 - 77*s + 62. Suppose 108 = -5*u - 388*b + 384*b, u + b + 22 = 0. Give h(u).
2
Let s(y) = 2*y + 1. Suppose 19 - 59 = -8*u. Let a be (1 + u/(-10))/(4/72). Suppose -c + a = -4*m - 11, 3*c + 8 = -5*m. Calculate s(c).
9
Let b(u) = 2*u**2 - 21*u - 22. Let v be b(-1). Let q(g) = -2. Let k(n) = -n + 9. Let h(z) = v*k(z) + 2*q(z). Determine h(0).
5
Let u(q) = q**2 + 7*q - 28. Let j(g) = 72*g - 513. Let t be j(7). What is u(t)?
-10
Suppose -10*i = 627 + 623. Let p = 141 + i. Let t(l) = p*l - 11*l + l**2 - 3 - 10*l. Give t(3).
-9
Let y(d) = d**2 - 8*d + 4. Suppose 6*r + 1410 = 3*r. Let c be (0 - r/15)*3. Let s = 99 - c. What is y(s)?
-11
Let k(a) = a**2 - 10*a + 11. Let r be (-1250)/(-14)*-1 - 12/(-42). Let d = r + 118. Let j = d + -20. Give k(j).
2
Suppose -92 = 18*s + 160. Let t(n) = -n**2 - 8*n + 11. Determine t(s).
-73
Let s be (-25)/(((-2)/8)/((-5)/4)). Let q = s - -132. Suppose q*m + 2*m = -99. Let i(r) = -r**3 - 10*r**2 + 12*r + 15. Determine i(m).
4
Let h(d) = d + 2. Let u be 8/(-1*(-1)/(-4)). Let n be ((-16)/20)/(36/(-1170)). Let c = u + n. Calculate h(c).
-4
Let c(y) = -y**2 - y + 38. Let r(a) = -a**3 - 9*a**2 - a - 451. Let f be r(-12). What is c(f)?
-4
Let d(v) = 21 + 16 - 34 + 5*v. Suppose 2*z - z + y + 7 = 0, -2*z - 10 = y. Let q(i) = -9*i - 6. Let h(c) = z*q(c) - 5*d(c). Determine h(-2).
-1
Let n(r) be the third derivative of r**6/120 - r**5/10 - 3*r**4/4 + 11*r**3/6 - 3811*r**2. What is n(8)?
-5
Let k(t) = -8*t + 33. Let j(x) = 3*x - 17. Let l(y) = -2*j(y) - k(y). Give l(-5).
-9
Let i = 13231 - 13229. Let r(d) = -d**3 - d**2 + 2*d - 2. What is r(i)?
-10
Suppose -42 = -4*l - c - 4, 47 = 5*l + c. Let h(q) = 208*q - 67*q - l - 72*q - 70*q. Determine h(11).
-20
Let o = -40 + 115. Let b = o + -163. Let a = 84 + b. Let m(n) = n**3 + 4*n**2 + n - 1. Calculate m(a).
-5
Let h(o) be the second derivative of o**4/12 - 11*o**3/6 + 15*o**2 + 179*o + 1. What is h(7)?
2
Suppose -9784*h + 9767*h = 17. Let v(l) = 9*l**3 - 2*l**2 - 3*l - 2. Determine v(h).
-10
Let f(p) = p**2 - 72 + 194 - 4*p**2 - 5*p**2 - 60 + p**3 - 63. Let q(u) = 3*u - 1. Let j be q(3). Calculate f(j).
-1
Suppose 0 = -7*t + 5 + 16. Let s(f) = -t*f - 24 + 2*f**2 - f**2 - 13 + 38. Determine s(4).
5
Let b be -3 - (366/(-66) + 12/22). Let i(d) be the first derivative of 1/2*d**b - 2/3*d**3 + 3*d + 2. Give i(-3).
-18
Let c(w) = w**3 + 24*w**2 + 2*w + 73. Let g = -17058 + 17034. Determine c(g).
25
Let r(z) = -9*z**2 - 39 + 15 - 28*z - 14*z**3 + 3*z**3 - 41 + 10*z**3. Calculate r(-6).
-5
Let p(d) = -d**3 + 41*d**2 + 8*d - 339. Let m be p(41). Let g(w) = 3*w**2 + 31*w + 12. Give g(m).
34
Let j(d) be the third derivative of 2*d**2 + 0*d - 1/3*d**3 + 1/24*d**4 + 1/15*d**5 + 0. Let f(g) = 99*g - 1388. Let a be f(14). Determine j(a).
12
Suppose 5*m = 13*y - 11*y - 10, 0 = -3*y - 4*m - 8. Let x(f) be the second derivative of -1/3*f**3 + y + 5/2*f**2 + 5/12*f**4 - 1/20*f**5 - f. Calculate x(5).
-5
Let a(o) = -2*o + 5. Suppose 18 = -2*v - 5*t + 3, 4*v - 5*t = 45. Let m be -7 - (v + -5) - (1 + -4). Give a(m).
13
Let b = 6888 + -6891. Let o(q) = 15*q + 62. Determine o(b).
17
Let o(x) be the second derivative of x**5/20 + 5*x**4/6 + 96*x. Suppose 3*p - 69 + 99 = 0. Calculate o(p).
0
Let s(y) = -9*y - 1. Let t(p) = -2*p**2 - p. Suppose 25*j - 3 = u + 23*j, 4*j = -2*u + 2. Let k be t(u). What is s(k)?
8
Let a(x) be the first derivative of -x**4/4 + 5*x**3/3 - 7*x**2/2 + 8*x - 72124. Suppose -3*w + 19 = 4*p - 6*w, w = -1. Calculate a(p).
-4
Let q(o) = -8*o**2. Suppose -12 = 25*h - 29*h. Let w be h - (13 + -13 + (1 - -3)). Determine q(w).
-8
Let s(a) be the third derivative of -2*a**4/3 - 6*a**2. Let u(g) = 20*g - 21. Let c be u(0). Let o(b) = -5*b. Let i(q) = c*o(q) + 6*s(q). Calculate i(-2).
-18
Let r(w) = 19 - 10*w**2 - 8*w**2 + 16*w - 15 - 42*w + 16*w**2. Give r(-13).
4
Let l be 1/(1/4 + 25*(-3)/60). Let w(d) = 6*d + 11. Calculate w(l).
5
Let u(q) = q + 35827 + 35820 - 71648. Determine u(-5).
-6
Let a(c) = 31 - 8*c - c**2 - 9*c + 158 - 226. Determine a(-10).
33
Let l = -86 + 83. Let h = 9 - l. Suppose 0 = 4*a - h*a + 8. Let j(r) = -7*r**3 + 2*r - 1. What is j(a)?
-6
Let y(t) = -t**2 + 7*t - 5. Let u be y(5). Suppose 11 = u*r - 2*f, -f - 5 + 2 = 0. Let s(h) be the second derivative of h**4/6 + h**2/2 + 186*h. Give s(r).
3
Let u(s) be the first derivative of s**2 - 17*s + 3219. Calculate u(7).
-3
Let t(x) = 90 - 8 + 0*x - 8 - 4*x - 40. Calculate t(-8).
66
Let j be (-7)/385*215 + (-2)/22. Let u(m) = 7*m**2 + 19*m + 1. Calculate u(j).
37
Let n(w) = -5*w + 4. Let i(d) = 6*d - 6. Let p be i(-2). Let m = -18 - p. Suppose u - 2 + m = -q, 6 = -u - 3*q. Determine n(u).
-26
Let n = -76 + 94. Let v be (-31)/3 -